 - 3 - -2)?
-1
Calculate 9 + -7 + (-5 - -4).
1
-11 - -7 - -19 - 8
7
What is the value of 9 + -5 + (-6 - 1)?
-3
What is 0 - 4 - -2 - -7?
5
Evaluate 1 + -1 - (-11 + 6).
5
What is the value of -3 - (3 - (5 - 0))?
-1
Calculate 9 + -7 - (1 - (0 - -2)).
3
Calculate 3 + -1 + (-4 - (-2 + 1)).
-1
-3 - (-4 + 7 + -2 + -4)
0
Evaluate (1 - -11) + -26 - -9.
-5
Evaluate -2 + (-8 - -4) - -10.
4
-5 + 14 + 4 + -7
6
What is 0 + -3 + -15 + 17 - -2?
1
Evaluate 1 + 6 - (-45 + 53).
-1
Calculate (-1 - -1) + -70 + 75.
5
Evaluate -3 + (-1 - -8) + -1.
3
What is (-4 - -1 - 0) + 4 + -1?
0
What is the value of (10 - (-6 - -13)) + -4?
-1
What is -6 - (-4 + -1 - 0)?
-1
What is the value of 12 + -7 - (5 - 1)?
1
Evaluate (19 - 15 - (1 + 0)) + 2.
5
Calculate 3 + (-7 + 3 - -1).
0
What is the value of 11 - 9 - (1 - (-10 - -2))?
-7
Calculate -23 - -32 - (1 - -7).
1
0 + 7 + (-21 - -43) + -23
6
Evaluate 0 + -5 - (-12 - -13).
-6
7 - (-2 - (-21 - -8))
-4
What is 7 + 0 - (-44 - -46)?
5
Calculate -1 - (4 - 2 - -2).
-5
Calculate -7 + 2 + 13 + -10.
-2
What is the value of -9 - (10 + -8 + -5)?
-6
What is -5 - (-5 + (-1 - -4))?
-3
Evaluate 4 + -3 + -1 - (0 - -3).
-3
What is the value of -1 - (4 + -6 + (2 - 3))?
2
-141 + 152 - (-1 - -5)
7
What is (-10 - -12 - 5) + (6 - 0)?
3
Evaluate (0 - 7 - -8) + 3.
4
What is the value of 0 - (7 + -3 - 2)?
-2
Calculate 6 + (-1 - (9 - 10)).
6
What is 1 + (-3 + -8 - -7)?
-3
Calculate -2 - (-2 + (2 - 0) + 0).
-2
Calculate (7 - (10 + 2)) + 3.
-2
Evaluate 8 + 6 + -4 - 5.
5
What is -8 - -7 - ((1 - 2) + 4)?
-4
What is -3 + 1 - -1 - 2?
-3
What is -18 + (-9 - -12) + 12?
-3
What is the value of (-7 - -1) + 75 + -67?
2
Evaluate (1 - -1) + (-42 - -38).
-2
(-7 - 0) + (0 - (0 + -2))
-5
What is the value of 9 + 5 + -7 - 6?
1
What is 52 - 50 - (8 - (-1 + 2))?
-5
Calculate (-3 + -7 - -7) + 5.
2
Calculate -3 + (4 - 6) + 10.
5
What is the value of 2 + 1 + -13 + 8 + 8?
6
Calculate 1 + -8 + 0 - (24 + -27).
-4
Calculate 0 - (-2 + -2 + 7) - 0.
-3
Evaluate -8 - (-22 - (-19 - -10)).
5
What is -5 + 5 - (7 - 3 - 3)?
-1
Evaluate -5 + (5 - 0 - 4).
-4
Evaluate -2 - -1 - ((5 - 8) + 5).
-3
What is -4 + 1 + (2 - 3) + 3?
-1
What is (-6 - (6 - 4)) + (3 - -1)?
-4
Calculate (88 - 84) + (-2 - 10) + -2.
-10
What is 13 + -10 - (0 + 2)?
1
Calculate 0 + -4 - (23 - 27).
0
-4 + 3 + (-1 - 3)
-5
What is the value of -7 + (-4 - (-9 + -1))?
-1
-35 - -40 - (2 + 2)
1
Calculate -1 + (-11 - -7) - -5.
0
What is the value of (3 - 11) + 4 + (16 - 12)?
0
What is the value of (12 - 3 - 0) + -4?
5
(-2 - (-5 - -4)) + 2
1
What is -9 + 12 + (1 - 13 - -3)?
-6
7 + (0 - (-1 - -2)) + -1
5
What is 5 + (-6 + 3 + 2 - 5)?
-1
What is the value of (1 - -3) + -2 - 0?
2
What is 6 - (6 + -2) - -1?
3
Calculate 0 + 5 + -33 + 32.
4
Evaluate -3 - 0 - (-7 + 2).
2
Evaluate (-3 - (2 - 3)) + 11 + -17.
-8
Evaluate (2 - 4) + -3 - -2.
-3
What is (-1 - -2) + (19 - 15)?
5
What is the value of 1 + (12 - 3) - 7?
3
Calculate 2 + -3 + 10 + -4 + -5.
0
2 + 3 - (25 - 22)
2
(-13 - -14) + -5 + (3 - 3)
-4
What is -1 - (7 - -2 - 9)?
-1
What is the value of (2 + 1 - -4) + -6?
1
(1 - 2) + 8 + -6
1
What is the value of -2 + 0 - (-8 - -8)?
-2
Calculate -2 - ((2 - 6) + (-1 - -7)).
-4
1 - 2 - (-11 - (-11 + 6))
5
13 - 18 - (-4 + 2 + -8)
5
What is the value of -5 - ((4 - -1) + -1)?
-9
Evaluate (12 - (2 - -2)) + -4 + -5.
-1
What is the value of -7 - (-6 - (-7 + 4) - 0)?
-4
Evaluate 0 + 3 + -1 - 0 - 7.
-5
Calculate 2 - (7 + -4) - 4.
-5
What is -3 - ((-8 - -3) + (5 - 1))?
-2
What is 4 + (-4 - 3) + (-9 - -10)?
-2
Evaluate 1 + (2 - 0 - -2) - 5.
0
0 + -2 + (-12 - -20) - 4
2
What is the value of 12 + -10 + -9 + 0 + 10?
3
Evaluate (8 - 1 - (8 + -4)) + -2.
1
5 - (0 - (-5 - -4))
4
What is 4 + (2 - 0) + 2 + -2?
6
-10 - (-2 - -6) - -8
-6
What is -8 + (-3 - 1 - -3 - -6)?
-3
Calculate -3 - (-12 - (-9 - -5 - 4)).
1
What is the value of (-3 - (-1 - -4)) + 1?
-5
Evaluate -2 + -10 + 20 + -2.
6
What is the value of 7 + (-1 - (-3 + 8 - -11))?
-10
Calculate (-7 - -5) + -1 + -3 - -3.
-3
Calculate -2 + (-5 - (-1 - (4 + -2))).
-4
Calculate 7 + 1 + -1 + -5.
2
Evaluate 85 + -80 + 1 + -1.
5
(-6 - -6) + (-1 - (-1 - -2))
-2
Evaluate (-7 - -9) + 6 + 3.
11
(16 + -9 - 12) + (3 - -3)
1
Evaluate -8 - ((-6 - -4) + -8 - -3).
-1
Calculate (5 - 6) + 7 - 6.
0
Calculate 5 - (-5 - (7 - (9 + 4))).
4
What is 3 - (-3 - (-2 + -3 + -2))?
-1
Calculate -3 - ((-20 - -13) + (1 - 1)).
4
What is the value of 63 - 62 - (1 - 0)?
0
Evaluate -1 + 0 + (-1 - 1) + 4.
1
What is -1 + (-4 - -2) + 1 + 1?
-1
Calculate 12 - (19 - 13) - -2.
8
What is -5 + 8 + -2 + 1?
2
Calculate 12 + -1 - (1 - -9).
1
Evaluate (0 - -1) + (0 - 7).
-6
Calculate -33 + 40 - (5 - -3).
-1
What is 1 - -7 - (8 + -2)?
2
What is the value of -9 + 1 + 1 + (-3 - -2)?
-8
Evaluate 10 + 8 + -16 + -1.
1
What is (9 - (9 - 0)) + -5?
-5
Calculate (-8 - -6) + 4 + 0.
2
-5 - ((-8 - -3) + 2)
-2
Evaluate -4 + (-10 - (-28 - -11)).
3
Evaluate (0 - -10) + -3 - 11.
-4
-12 + (22 - 8) + -8
-6
-1 + (-5 - (-9 - -1))
2
-9 + 10 + 3 - -5
9
What is -1 - (0 + -2 - 1) - -1?
3
2 + (-3 + -2 - -7)
4
What is the value of 3 - (-3 - (-12 - -1))?
-5
(-2 - 1 - (8 - 4)) + 2
-5
What is the value of -6 + (-1 - 1 - 0)?
-8
Calculate -13 + 31 + -13 + 0 + 0.
5
-4 + 6 + -9 + -12 + 10
-9
What is -4 - ((5 - -2) + -4 + 1)?
-8
What is -3 + (5 - -6) - 6?
2
Calculate -12 + 1 + 3 - (-42 + 39).
-5
What is (-4 + -5 + 4 - -4) + 10?
9
0 - (2 + -4 + 5)
-3
What is 2 - 0 - (6 + -7 + -1)?
4
What is 9 - (-3 + 4 + -14 + 19)?
3
Calculate 8 - 12 - (-2 - -1).
-3
What is 2 + -6 + 4 + 5?
5
Calculate 9 - (8 + -4 - 5).
10
9 + -1 + -6 + -7 + 1
-4
-7 - 5 - -5 - (-4 - 12)
9
-1 + 4 + 3 - (-14 - -19)
1
-5 - (-9 - (4 - -1))
9
What is -13 + 11 - -10 - 4?
4
159 + -163 + (-1 - (3 + -2))
-6
What is the value of 0 + -9 + 17 + -3 + -3?
2
What is (-2 - 2) + 0 + -2 - -2?
-4
0 + (1 - 3) + 1 + 4
3
Evaluate -3 + (-1 - -8) - (1 - -4).
-1
Evaluate (-3 - -3) + -1 + -3 - -2.
-2
Calculate 3 + 1 + (7 - 2) + -8.
1
What is the value of -3 + 2 + 2 - 5 - -7?
3
-7 + (-4 - -5) - -2
-4
What is the value of (1 - (3 - 2) - 1) + 3?
2
What is the value of -8 + (0 + 1 + -5 - -9)?
-3
What is the value of -1 + 4 + 0 - 6?
-3
Evaluate 0 + -3 + 2 + -2 - -1.
-2
1 - 3 - (29 + -37)
6
2 + -3 + 2 - (-3 + 13)
-9
Calculate 7 + (1 - (7 + -3)).
4
Evaluate 5 + -7 - (1 + 0 + -4).
1
Calculate 6 + (-3 - (2 + -2)) + -2.
1
Calculate -7 + (16 - (2 + 4)).
3
Evaluate -1 + 3 + (1 - 3).
0
-37 + 44 + -2 + -4
1
Calculate -3 + 4 - (3 + 0) - -4.
2
-6 - (0 + -16 - (-8 + 4))
6
Calculate -17 - (0 - (13 - 5)).
-9
What is -10 + 3 + (-4 - -7)?
-4
What is the value of -5 - (4 + -3) - 0?
-6
Evaluate -4 + 13 + 1 + -5 - -3.
8
Calculate (5 + 13 - 11) + -15.
-8
-5 + -5 + 4 - -2
-4
What is -1 + (4 - (2 + -3 + 0))?
4
Evaluate -1 + (-2 - -5) + 1.
3
What is the value of 8 + (0 - 6) + (-3 - 0)?
-1
What is the value of 7 + -6 + (8 - 4)?
5
2 + 9 - (-1 + 8)
4
What is 16 + -20 - (-1 + -1)?
-2
Evaluate (-13 + 7 - 1) + -2 + 14.
5
(3 - 2) + (10 - (9 + -3))
5
What is the value of 1 + 1 + (5 - 1 - 3)?
3
(0 - -4) + 0 + 0 + -2
2
What is 9 + (-4 - 1) - (-1 - -2)?
3
Evaluate 2 - (-9 - -9 - (4 + -6)).
0
What is the value of 0 + (-6 - -1) + -6 + 13?
2
(0 - -2) + 5 + -14 + -2
-9
What is the value of (3 - (3 - 2)) + -1?
1
What is 7 + 0 + -2 + -2 + 1?
4
Calculate -5 - -2 - -2 - 3.
-4
What is -9 + 6 + 12 + -9?
0
Evaluate -10 - (-3 - 6) - 5.
-6
What is 6 - (4 - (2 + -1) - 2)?
5
What is the value of (-5 + 3 - -2) + 4?
4
6 - 15 - -7 - (3 + -13)
8
(-21 + 16 - (0 + -12)) + -4
3
Calculate (-2 - -2 - 3) + 4.
1
Evaluate 2 + (-7 - 3) + 3 + 2.
-3
What is -4 - 7 - -2 - -5?
-4
-2 + 6 + (-3 - 3)
-2
Calculate 0 + 0 + 3 + 2.
5
What is 3 + 0 - (4 - (-3 - -8))?
4
Evaluate -3 + 5 + -4 + 1.
-1
Calculate 2 + 0 - (23 - 20).
-1
Evaluate -5 + (11 - (9 - 0)).
-3
What is the value of (-8 - -3) + (0 - -11)?
6
What is -8 + 10 - -8 - (1 - 0)?
9
What is the value of (-1 - -1) + 35 + -41?
-6
0 + -2 - (-6 + 3 - 1)
2
What is -11 + -11 + (-2 - -30)?
6
Calculate -1 - -7 - (24 - (25 + 0)).
7
Calculate 2 + -1 + -2 - -4.
3
What is the value of -15 + (5 - (3 - 7))?
-6
Evaluate 10 - ((-1 - 4) + 9).
6
What is the value of -1 + (1 - 6) - (0 + -1)?
-5
-6 - 1 - -3 - -11 - 9
-2
(-1 - -4) + -5 + 2
0
What is the value of (5 - 0 - -1) + (-4 - 0)?
2
Calculate -4 + -1 + 7 + 5 + -3.
4
Evaluate -1 - (-7 + -1 - (0 + -4)).
3
Calculate 17 - 13 - (6 + 3 + -1).
-4
17